(base 15) in base 7?
11056
-63fb (base 16) to base 12
-1298b
What is -23315 (base 9) in base 16?
-3cce
What is -3013 (base 5) in base 15?
-1a8
What is 1111 (base 13) in base 16?
94c
4c5c (base 15) to base 9
24306
1110110101 (base 2) to base 7
2524
What is -2297 (base 11) in base 10?
-3010
-1421 (base 7) to base 6
-2322
44345 (base 6) to base 2
1100000101001
What is 100001100111 (base 2) in base 9?
2850
-10200100 (base 3) to base 14
-d98
Convert -1110001010 (base 2) to base 14.
-48a
Convert -102201 (base 4) to base 9.
-1556
What is 105610 (base 8) in base 15?
a8b5
1203123 (base 6) to base 14
18cd5
Convert -1222 (base 6) to base 4.
-10232
-481 (base 13) to base 4
-30031
Convert 234 (base 15) to base 14.
279
3962 (base 14) to base 10
10082
What is 75326 (base 8) in base 11?
21698
122011101 (base 3) to base 5
400021
433 (base 12) to base 11
50a
What is -14230 (base 9) in base 4?
-2113002
What is dca (base 14) in base 3?
10201222
77748 (base 9) to base 13
1a675
-a0d (base 15) to base 16
-8d7
Convert 131a (base 11) to base 9.
2315
14 (base 11) to base 8
17
What is -1035034 (base 6) in base 4?
-30212332
-611 (base 7) to base 13
-1a3
What is 111111011 (base 2) in base 4?
13323
Convert 223213 (base 4) to base 2.
101011100111
-11500 (base 8) to base 4
-1031000
-6dc (base 15) to base 11
-1196
What is 10548 (base 10) in base 2?
10100100110100
Convert 4117 (base 11) to base 8.
12527
What is -1257 (base 9) in base 11?
-788
771 (base 16) to base 12
1129
What is -123035 (base 7) in base 11?
-16034
What is -422213 (base 5) in base 2?
-11011011101010
What is -7adc (base 16) in base 2?
-111101011011100
Convert -482 (base 14) to base 11.
-747
Convert 3303424 (base 5) to base 9.
85743
What is -110000101011 (base 2) in base 3?
-11021101
What is 2012110 (base 3) in base 15?
720
Convert -2103313 (base 4) to base 9.
-13874
What is 263124 (base 7) in base 16?
bfdc
What is -104101 (base 7) in base 3?
-221000011
-486 (base 10) to base 3
-200000
Convert 23033212 (base 4) to base 12.
2279a
What is 96 (base 16) in base 10?
150
15864 (base 9) to base 7
43546
What is 1111000011 (base 2) in base 8?
1703
What is 1190 (base 10) in base 3?
1122002
What is -565a (base 11) in base 7?
-30465
What is 20333012 (base 4) in base 7?
212210
-201221 (base 5) to base 3
-22211101
Convert -d136 (base 15) to base 14.
-12139
Convert 212000110 (base 3) to base 13.
7839
Convert 15a8 (base 15) to base 8.
11062
What is -1bc (base 15) in base 2?
-110010010
What is -10403 (base 5) in base 7?
-2060
Convert 644 (base 7) to base 9.
402
Convert 252 (base 13) to base 2.
110010101
10044 (base 7) to base 16
981
What is a4 (base 12) in base 8?
174
What is 19b (base 16) in base 13?
258
What is 350124 (base 6) in base 3?
1111221221
What is -2f83 (base 16) in base 7?
-50314
-1000001011010000 (base 2) to base 16
-82d0
What is -34631 (base 7) in base 9?
-13168
729 (base 13) to base 4
103002
What is -3330 (base 6) in base 15?
-369
-a10 (base 12) to base 6
-10420
Convert 1654 (base 10) to base 14.
862
Convert 275 (base 15) to base 6.
2332
What is -246542 (base 8) in base 7?
-503552
What is -740 (base 14) in base 3?
-1221220
16852 (base 9) to base 5
333010
Convert 352 (base 16) to base 12.
5aa
What is -352 (base 10) in base 2?
-101100000
Convert 1101010111000100 (base 2) to base 12.
27804
300 (base 16) to base 3
1001110
What is -122164 (base 7) in base 16?
-5776
What is -2d (base 16) in base 5?
-140
Convert 100010001100 (base 2) to base 4.
202030
11100110010010 (base 2) to base 10
14738
What is 16528 (base 9) in base 5?
330431
Convert 509 (base 14) to base 12.
6a5
-10101100 (base 3) to base 6
-15230
What is -1643 (base 11) in base 8?
-4070
3642 (base 11) to base 2
1001010011101
What is -75303 (base 8) in base 11?
-21680
-577a (base 15) to base 16
-4885
-222124 (base 5) to base 10
-7789
What is 2305 (base 9) in base 10?
1706
What is 7631 (base 9) in base 5?
134432
-2110122 (base 4) to base 9
-14023
What is -5500 (base 7) in base 6?
-13024
-304 (base 6) to base 8
-160
What is -2652 (base 9) in base 7?
-5543
Convert 3300233 (base 4) to base 5.
443112
Convert 3663 (base 9) to base 12.
16b6
-551 (base 9) to base 14
-243
2027 (base 11) to base 2
101010000011
Convert 32655 (base 10) to base 8.
77617
Convert -827 (base 12) to base 5.
-14213
Convert 37519 (base 12) to base 6.
1335233
-a45 (base 13) to base 6
-12031
Convert -1418 (base 16) to base 10.
-5144
579 (base 14) to base 12
767
What is 42828 (base 10) in base 15?
ca53
What is 11010010110 (base 2) in base 16?
696
Convert -10230 (base 4) to base 10.
-300
What is 30b4 (base 12) in base 5?
132240
Convert 147 (base 12) to base 15.
d4
-23111 (base 5) to base 15
-756
What is -11943 (base 14) in base 5?
-2333413
What is -4963 (base 10) in base 8?
-11543
1001010 (base 2) to base 16
4a
132332 (base 4) to base 3
2201102
-5684 (base 11) to base 8
-16461
-513 (base 11) to base 5
-4434
What is -2e1 (base 16) in base 9?
-1008
Convert 1384 (base 10) to base 13.
826
Convert -5277 (base 8) to base 10.
-2751
What is 4246 (base 7) in base 12?
a54
What is -10012 (base 4) in base 14?
-14a
Convert 1201222101 (base 3) to base 8.
102706
Convert 867 (base 9) to base 6.
3141
Convert 10311 (base 4) to base 5.
2214
Convert 2133 (base 5) to base 3.
101212
11202103 (base 4) to base 7
123052
Convert -333 (base 4) to base 10.
-63
-113432 (base 5) to base 8
-10222
What is -24409 (base 11) in base 8?
-104433
-448 (base 10) to base 5
-3243
Convert 26e (base 16) to base 4.
21232
Convert -3130 (base 5) to base 16.
-19f
Convert -242531 (base 7) to base 4.
-22302023
Convert -916 (base 14) to base 7.
-5126
Convert -2837 (base 12) to base 15.
-15a1
Convert 90a (base 15) to base 9.
2711
-11112 (base 3) to base 14
-8a
10101201 (base 3) to base 11
1951
-27aa (base 13) to base 4
-1121111
Convert 1912 (base 14) to base 2.
1000110101100
What is 41645 (base 10) in base 4?
22022231
What is 1166 (base 8) in base 14?
330
-3111 (base 4) to base 7
-423
What is -1ba2 (base 14) in base 8?
-11662
Convert 3010 (base 7) to base 4.
100030
5030 (base 7) to base 6
12012
What is 4052 (base 11) in base 14?
1d65
2446 (base 7) to base 2
1110010100
1130 (base 14) to base 15
d3c
What is -1231214 (base 5) in base 15?
-7159
21105 (base 7) to base 6
40023
Convert -39d (base 14) to base 4.
-23113
bd0 (base 14) to base 9
3177
What is 12432 (base 5) in base 4?
33200
ca (base 14) to base 16
b2
Convert -a1 (base 13) to base 5.
-1011
10000111000 (base 2) to base 8
2070
102 (base 7) to base 10
51
Convert -101210 (base 3) to base 12.
-203
What is 111220021 (base 3) in base 8?
23624
What is 1420 (base 6) in base 3?
111210
-760 (base 14) to base 2
-10110110000
What is -454 (base 12) in base 10?
-640
Convert -69 (base 13) to base 16.
-57
What is -20010 (base 5) in base 13?
-757
Convert 1110011110 (base 2) to base 7.
2462
1e1b (base 15) to base 12
395b
-11442 (base 7) to base 10
-2970
What is -110001101 (base 2) in base 8?
-615
Convert -203223 (base 4) to base 13.
-1068
What is -34 (base 9) in base 3?
-1011
Convert 21 (base 10) to base 14.
17
Convert -213244 (base 5) to base 7.
-30232
40210 (base 5) to base 3
10111122
-1100222 (base 3) to base 5
-12443
Convert 10a (base 11) to base 16.
83
What is 95 (base 11) in base 4?
1220
-1100 (base 5) to base 6
-410
-2065 (base 12) to base 6
-24205
-21717 (base 9) to base 2
-11100001100010
Convert -887 (base 16) to base 3.
-2222212
What is 205 (base 6) in base 11?
70
What is 10010000101101 (base 2) in base 3?
110201000
Convert -54 (base 6) to base 8.
-42
What is 10110101 (base 2) in base 6?
501
Convert -20120212 (base 4) to base 7.
-202060
What is -10030 (base 4) in base 16?
-10c
What is -11388 (base 9) in base 7?
-31124
What is -3661 (base 7) in base 14?
-6d8
Convert 356 (base 9) to base 6.
1210
Convert 2411 (base 5) to base 6.
1352
Convert -21a1 (base 16) to base 10.
-8609
Convert 100000001110000 (base 2) to base 3.
211121222
Convert 245545 (base 6) to base 16.
5609
Convert -d11 (base 14) to base 4.
-220003
58322 (base 9) to base 14
10268
1110110011 (base 3) to base 11
1a675
-a14 (base 13) to base 12
-ba3
What is 27 (base 11) in base 14?
21
What is 15d3c (base 15) in base 16?
11352
-2383 (base 11) to base 5
-44431
-142321 (base 5) to base 4
-1131021
Convert -1a30 (base 16) to base 12.
-3a68
What is -342 